{"id":29916,"date":"2025-10-09T21:54:37","date_gmt":"2025-10-10T02:54:37","guid":{"rendered":"https:\/\/stage.monkey.pe\/printware\/product\/altalink-b8270\/"},"modified":"2026-01-14T18:02:33","modified_gmt":"2026-01-14T23:02:33","slug":"altalink-b8270","status":"publish","type":"product","link":"https:\/\/printware.com.pe\/tienda\/producto\/altalink-b8270\/","title":{"rendered":"Altalink B8270"},"content":{"rendered":"<p>Los equipos MFP monocromo de la serie AltaLink B8200 est\u00e1n asistidos por IA para automatizar de forma segura las tareas repetitivas y complejas, adapt\u00e1ndose a las necesidades cambiantes de las empresas. Estos equipos utilizan tecnolog\u00eda asistida por IA, como la galardonada tecnolog\u00eda Xerox ConnectKey, que permite a los usuarios resumir documentos r\u00e1pidamente, convertir notas manuscritas y redactar autom\u00e1ticamente informaci\u00f3n confidencial. Adem\u00e1s, la serie incluye Xerox Adaptive Learning, que analiza los patrones de uso y ajusta autom\u00e1ticamente la configuraci\u00f3n del dispositivo para optimizar los flujos de trabajo diarios.<\/p>\n","protected":false},"excerpt":{"rendered":"<p>Impresora Multifuncional A3 Monocrom\u00e1tica para grupos de trabajo grandes<br \/>\nPrecio referencial en d\u00f3lares: USD $6145.83<\/p>\n","protected":false},"featured_media":29270,"template":"","meta":[],"product_brand":[217],"product_cat":[229],"product_tag":[103],"class_list":{"0":"post-29916","1":"product","2":"type-product","3":"status-publish","4":"has-post-thumbnail","6":"product_brand-xerox","7":"product_cat-a3-monocromatica-laser","8":"product_tag-oficina-bn-economica","10":"first","11":"outofstock","12":"taxable","13":"shipping-taxable","14":"purchasable","15":"product-type-simple"},"_links":{"self":[{"href":"https:\/\/printware.com.pe\/tienda\/wp-json\/wp\/v2\/product\/29916","targetHints":{"allow":["GET"]}}],"collection":[{"href":"https:\/\/printware.com.pe\/tienda\/wp-json\/wp\/v2\/product"}],"about":[{"href":"https:\/\/printware.com.pe\/tienda\/wp-json\/wp\/v2\/types\/product"}],"version-history":[{"count":1,"href":"https:\/\/printware.com.pe\/tienda\/wp-json\/wp\/v2\/product\/29916\/revisions"}],"predecessor-version":[{"id":30418,"href":"https:\/\/printware.com.pe\/tienda\/wp-json\/wp\/v2\/product\/29916\/revisions\/30418"}],"wp:featuredmedia":[{"embeddable":true,"href":"https:\/\/printware.com.pe\/tienda\/wp-json\/wp\/v2\/media\/29270"}],"wp:attachment":[{"href":"https:\/\/printware.com.pe\/tienda\/wp-json\/wp\/v2\/media?parent=29916"}],"wp:term":[{"taxonomy":"product_brand","embeddable":true,"href":"https:\/\/printware.com.pe\/tienda\/wp-json\/wp\/v2\/product_brand?post=29916"},{"taxonomy":"product_cat","embeddable":true,"href":"https:\/\/printware.com.pe\/tienda\/wp-json\/wp\/v2\/product_cat?post=29916"},{"taxonomy":"product_tag","embeddable":true,"href":"https:\/\/printware.com.pe\/tienda\/wp-json\/wp\/v2\/product_tag?post=29916"}],"curies":[{"name":"wp","href":"https:\/\/api.w.org\/{rel}","templated":true}]}}