{"id":29923,"date":"2025-10-09T21:54:42","date_gmt":"2025-10-10T02:54:42","guid":{"rendered":"https:\/\/stage.monkey.pe\/printware\/product\/versalink-c415\/"},"modified":"2025-10-13T14:30:27","modified_gmt":"2025-10-13T19:30:27","slug":"versalink-c415","status":"publish","type":"product","link":"https:\/\/printware.com.pe\/tienda\/producto\/versalink-c415\/","title":{"rendered":"VersaLink C415"},"content":{"rendered":"<p>Una impresora multifuncional a colores A4, copia, impresi\u00f3n, escaneado, fax y correo electr\u00f3nico. Con tecnolog\u00eda ConnectKey, interfaz de usuario de 7 pulgadas, seguridad integral y conectividad Wi-Fi.<\/p>\n","protected":false},"excerpt":{"rendered":"<p>Impresora Multifuncional A4 Colores para grupos de trabajo de 1 a 10 personas<br \/>\nPrecio referencial en d\u00f3lares: USD $1301.21<\/p>\n","protected":false},"featured_media":29284,"template":"","meta":[],"product_brand":[217],"product_cat":[232],"product_tag":[108,102],"class_list":{"0":"post-29923","1":"product","2":"type-product","3":"status-publish","4":"has-post-thumbnail","6":"product_brand-xerox","7":"product_cat-a4-monocromatica-laser","8":"product_tag-oficina-color-a4-brillante","9":"product_tag-pequeno-color-brillante","11":"first","12":"instock","13":"taxable","14":"shipping-taxable","15":"purchasable","16":"product-type-simple"},"_links":{"self":[{"href":"https:\/\/printware.com.pe\/tienda\/wp-json\/wp\/v2\/product\/29923","targetHints":{"allow":["GET"]}}],"collection":[{"href":"https:\/\/printware.com.pe\/tienda\/wp-json\/wp\/v2\/product"}],"about":[{"href":"https:\/\/printware.com.pe\/tienda\/wp-json\/wp\/v2\/types\/product"}],"version-history":[{"count":0,"href":"https:\/\/printware.com.pe\/tienda\/wp-json\/wp\/v2\/product\/29923\/revisions"}],"wp:featuredmedia":[{"embeddable":true,"href":"https:\/\/printware.com.pe\/tienda\/wp-json\/wp\/v2\/media\/29284"}],"wp:attachment":[{"href":"https:\/\/printware.com.pe\/tienda\/wp-json\/wp\/v2\/media?parent=29923"}],"wp:term":[{"taxonomy":"product_brand","embeddable":true,"href":"https:\/\/printware.com.pe\/tienda\/wp-json\/wp\/v2\/product_brand?post=29923"},{"taxonomy":"product_cat","embeddable":true,"href":"https:\/\/printware.com.pe\/tienda\/wp-json\/wp\/v2\/product_cat?post=29923"},{"taxonomy":"product_tag","embeddable":true,"href":"https:\/\/printware.com.pe\/tienda\/wp-json\/wp\/v2\/product_tag?post=29923"}],"curies":[{"name":"wp","href":"https:\/\/api.w.org\/{rel}","templated":true}]}}