{"id":29924,"date":"2025-10-09T21:54:43","date_gmt":"2025-10-10T02:54:43","guid":{"rendered":"https:\/\/stage.monkey.pe\/printware\/product\/versalink-b415\/"},"modified":"2026-01-14T18:01:02","modified_gmt":"2026-01-14T23:01:02","slug":"versalink-b415","status":"publish","type":"product","link":"https:\/\/printware.com.pe\/tienda\/producto\/versalink-b415\/","title":{"rendered":"VersaLink B415"},"content":{"rendered":"<p>Una impresora multifuncional en blanco y negro A4, copia, impresi\u00f3n, escaneado, fax y correo electr\u00f3nico. Con tecnolog\u00eda ConnectKey, interfaz de usuario de 7 pulgadas, seguridad integral y conectividad Wi-Fi.<\/p>\n","protected":false},"excerpt":{"rendered":"<p>Impresora Multifuncional A4 Monocrom\u00e1tica para grupos de trabajo de 1 a 10 personas<br \/>\nPrecio referencial en d\u00f3lares: USD $819.45<\/p>\n","protected":false},"featured_media":29286,"template":"","meta":[],"product_brand":[217],"product_cat":[229],"product_tag":[104,100],"class_list":{"0":"post-29924","1":"product","2":"type-product","3":"status-publish","4":"has-post-thumbnail","6":"product_brand-xerox","7":"product_cat-a3-monocromatica-laser","8":"product_tag-oficina-bn-veloz","9":"product_tag-pequeno-bn-veloz","11":"first","12":"instock","13":"taxable","14":"shipping-taxable","15":"purchasable","16":"product-type-simple"},"_links":{"self":[{"href":"https:\/\/printware.com.pe\/tienda\/wp-json\/wp\/v2\/product\/29924","targetHints":{"allow":["GET"]}}],"collection":[{"href":"https:\/\/printware.com.pe\/tienda\/wp-json\/wp\/v2\/product"}],"about":[{"href":"https:\/\/printware.com.pe\/tienda\/wp-json\/wp\/v2\/types\/product"}],"version-history":[{"count":1,"href":"https:\/\/printware.com.pe\/tienda\/wp-json\/wp\/v2\/product\/29924\/revisions"}],"predecessor-version":[{"id":30188,"href":"https:\/\/printware.com.pe\/tienda\/wp-json\/wp\/v2\/product\/29924\/revisions\/30188"}],"wp:featuredmedia":[{"embeddable":true,"href":"https:\/\/printware.com.pe\/tienda\/wp-json\/wp\/v2\/media\/29286"}],"wp:attachment":[{"href":"https:\/\/printware.com.pe\/tienda\/wp-json\/wp\/v2\/media?parent=29924"}],"wp:term":[{"taxonomy":"product_brand","embeddable":true,"href":"https:\/\/printware.com.pe\/tienda\/wp-json\/wp\/v2\/product_brand?post=29924"},{"taxonomy":"product_cat","embeddable":true,"href":"https:\/\/printware.com.pe\/tienda\/wp-json\/wp\/v2\/product_cat?post=29924"},{"taxonomy":"product_tag","embeddable":true,"href":"https:\/\/printware.com.pe\/tienda\/wp-json\/wp\/v2\/product_tag?post=29924"}],"curies":[{"name":"wp","href":"https:\/\/api.w.org\/{rel}","templated":true}]}}