{"id":29925,"date":"2025-10-09T21:54:44","date_gmt":"2025-10-10T02:54:44","guid":{"rendered":"https:\/\/stage.monkey.pe\/printware\/product\/versalink-b625\/"},"modified":"2025-10-13T14:30:27","modified_gmt":"2025-10-13T19:30:27","slug":"versalink-b625","status":"publish","type":"product","link":"https:\/\/printware.com.pe\/tienda\/producto\/versalink-b625\/","title":{"rendered":"VersaLink B625"},"content":{"rendered":"<p>Un asistente en el puesto de trabajo con ConnectKey\u00ae de tama\u00f1o adecuado que supera las expectativas. Multifuncional en blanco y negro con soporte para A4La mejor opci\u00f3n para equipos de trabajo de 3 a 15 usuarios que impriman hasta 20 000 p\u00e1ginas al mes Copia, impresi\u00f3n, escaneado, fax y correo electr\u00f3nicoLa interfaz de usuario intuitiva de 7 pulgadas, similar a la de una tableta, le permite personalizar, simplificar y agilizar las tareasLa seguridad integral est\u00e1 incorporada Las funciones aptas para dispositivos m\u00f3viles facilitan la conexi\u00f3n y la impresi\u00f3n desde cualquier dispositivo Con tecnolog\u00eda ConnectKey, con aplicaciones y soluciones para responder a las necesidades de todas las empresas<\/p>\n","protected":false},"excerpt":{"rendered":"<p>Impresora Multifuncional A4 Monocrom\u00e1tica para grupos de trabajo de 1 a 20 personas<br \/>\nPrecio referencial en d\u00f3lares: USD $1570.60<\/p>\n","protected":false},"featured_media":29289,"template":"","meta":[],"product_brand":[217],"product_cat":[229],"product_tag":[104],"class_list":{"0":"post-29925","1":"product","2":"type-product","3":"status-publish","4":"has-post-thumbnail","6":"product_brand-xerox","7":"product_cat-a3-monocromatica-laser","8":"product_tag-oficina-bn-veloz","10":"first","11":"outofstock","12":"taxable","13":"shipping-taxable","14":"purchasable","15":"product-type-simple"},"_links":{"self":[{"href":"https:\/\/printware.com.pe\/tienda\/wp-json\/wp\/v2\/product\/29925","targetHints":{"allow":["GET"]}}],"collection":[{"href":"https:\/\/printware.com.pe\/tienda\/wp-json\/wp\/v2\/product"}],"about":[{"href":"https:\/\/printware.com.pe\/tienda\/wp-json\/wp\/v2\/types\/product"}],"version-history":[{"count":0,"href":"https:\/\/printware.com.pe\/tienda\/wp-json\/wp\/v2\/product\/29925\/revisions"}],"wp:featuredmedia":[{"embeddable":true,"href":"https:\/\/printware.com.pe\/tienda\/wp-json\/wp\/v2\/media\/29289"}],"wp:attachment":[{"href":"https:\/\/printware.com.pe\/tienda\/wp-json\/wp\/v2\/media?parent=29925"}],"wp:term":[{"taxonomy":"product_brand","embeddable":true,"href":"https:\/\/printware.com.pe\/tienda\/wp-json\/wp\/v2\/product_brand?post=29925"},{"taxonomy":"product_cat","embeddable":true,"href":"https:\/\/printware.com.pe\/tienda\/wp-json\/wp\/v2\/product_cat?post=29925"},{"taxonomy":"product_tag","embeddable":true,"href":"https:\/\/printware.com.pe\/tienda\/wp-json\/wp\/v2\/product_tag?post=29925"}],"curies":[{"name":"wp","href":"https:\/\/api.w.org\/{rel}","templated":true}]}}