{"id":29979,"date":"2025-10-09T21:55:32","date_gmt":"2025-10-10T02:55:32","guid":{"rendered":"https:\/\/stage.monkey.pe\/printware\/product\/toner-b410-b415-black\/"},"modified":"2026-01-15T01:47:07","modified_gmt":"2026-01-15T06:47:07","slug":"toner-b410-b415-black","status":"publish","type":"product","link":"https:\/\/printware.com.pe\/tienda\/producto\/toner-b410-b415-black\/","title":{"rendered":"T\u00f3ner B410\/B415 Black"},"content":{"rendered":"<p>El T\u00f3ner Original XEROX color negro con un rendimiento de 25,000 p\u00e1ginas ha sido especialmente formulado y probado para proporcionar la mejor calidad de impresi\u00f3n para el usuario. T\u00f3ner para las impresoras B415\/B410<\/p>\n","protected":false},"excerpt":{"rendered":"<p>T\u00f3ner B410\/B415 Black 25,000 impresiones<br \/>\nPrecio referencial en d\u00f3lares: USD $174.59<\/p>\n","protected":false},"featured_media":29406,"template":"","meta":[],"product_brand":[217],"product_cat":[243],"product_tag":[],"class_list":{"0":"post-29979","1":"product","2":"type-product","3":"status-publish","4":"has-post-thumbnail","6":"product_brand-xerox","7":"product_cat-toner","9":"first","10":"instock","11":"taxable","12":"shipping-taxable","13":"purchasable","14":"product-type-simple"},"_links":{"self":[{"href":"https:\/\/printware.com.pe\/tienda\/wp-json\/wp\/v2\/product\/29979","targetHints":{"allow":["GET"]}}],"collection":[{"href":"https:\/\/printware.com.pe\/tienda\/wp-json\/wp\/v2\/product"}],"about":[{"href":"https:\/\/printware.com.pe\/tienda\/wp-json\/wp\/v2\/types\/product"}],"version-history":[{"count":1,"href":"https:\/\/printware.com.pe\/tienda\/wp-json\/wp\/v2\/product\/29979\/revisions"}],"predecessor-version":[{"id":30565,"href":"https:\/\/printware.com.pe\/tienda\/wp-json\/wp\/v2\/product\/29979\/revisions\/30565"}],"wp:featuredmedia":[{"embeddable":true,"href":"https:\/\/printware.com.pe\/tienda\/wp-json\/wp\/v2\/media\/29406"}],"wp:attachment":[{"href":"https:\/\/printware.com.pe\/tienda\/wp-json\/wp\/v2\/media?parent=29979"}],"wp:term":[{"taxonomy":"product_brand","embeddable":true,"href":"https:\/\/printware.com.pe\/tienda\/wp-json\/wp\/v2\/product_brand?post=29979"},{"taxonomy":"product_cat","embeddable":true,"href":"https:\/\/printware.com.pe\/tienda\/wp-json\/wp\/v2\/product_cat?post=29979"},{"taxonomy":"product_tag","embeddable":true,"href":"https:\/\/printware.com.pe\/tienda\/wp-json\/wp\/v2\/product_tag?post=29979"}],"curies":[{"name":"wp","href":"https:\/\/api.w.org\/{rel}","templated":true}]}}