{"id":30355,"date":"2025-11-25T14:03:16","date_gmt":"2025-11-25T19:03:16","guid":{"rendered":"https:\/\/printware.com.pe\/tienda\/?post_type=product&#038;p=30355"},"modified":"2025-11-25T14:08:50","modified_gmt":"2025-11-25T19:08:50","slug":"toner-black-p2509","status":"publish","type":"product","link":"https:\/\/printware.com.pe\/tienda\/producto\/toner-black-p2509\/","title":{"rendered":"T\u00f3ner Black P2509"},"content":{"rendered":"<p>Cartucho de toner Pantum oiginal color negro. Pantum proporciona calidad a un costo muy competitivo por su tecnolog\u00eda de impresion eficiente e innovadora. Con un rendimiento de impresi\u00f3n de 1,600 p\u00e1ginas este t\u00f3ner est\u00e1 dise\u00f1ado para las impresoras P2509<\/p>\n","protected":false},"excerpt":{"rendered":"<p>T\u00f3ner Black P2509\u00a0 1,600 paginas<br \/>\nPrecio referencial en d\u00f3lares: USD $90.66<\/p>\n","protected":false},"featured_media":30356,"template":"","meta":[],"product_brand":[216],"product_cat":[243],"product_tag":[],"class_list":{"0":"post-30355","1":"product","2":"type-product","3":"status-publish","4":"has-post-thumbnail","6":"product_brand-pantum","7":"product_cat-toner","9":"first","10":"instock","11":"taxable","12":"shipping-taxable","13":"purchasable","14":"product-type-simple"},"_links":{"self":[{"href":"https:\/\/printware.com.pe\/tienda\/wp-json\/wp\/v2\/product\/30355","targetHints":{"allow":["GET"]}}],"collection":[{"href":"https:\/\/printware.com.pe\/tienda\/wp-json\/wp\/v2\/product"}],"about":[{"href":"https:\/\/printware.com.pe\/tienda\/wp-json\/wp\/v2\/types\/product"}],"version-history":[{"count":1,"href":"https:\/\/printware.com.pe\/tienda\/wp-json\/wp\/v2\/product\/30355\/revisions"}],"predecessor-version":[{"id":30357,"href":"https:\/\/printware.com.pe\/tienda\/wp-json\/wp\/v2\/product\/30355\/revisions\/30357"}],"wp:featuredmedia":[{"embeddable":true,"href":"https:\/\/printware.com.pe\/tienda\/wp-json\/wp\/v2\/media\/30356"}],"wp:attachment":[{"href":"https:\/\/printware.com.pe\/tienda\/wp-json\/wp\/v2\/media?parent=30355"}],"wp:term":[{"taxonomy":"product_brand","embeddable":true,"href":"https:\/\/printware.com.pe\/tienda\/wp-json\/wp\/v2\/product_brand?post=30355"},{"taxonomy":"product_cat","embeddable":true,"href":"https:\/\/printware.com.pe\/tienda\/wp-json\/wp\/v2\/product_cat?post=30355"},{"taxonomy":"product_tag","embeddable":true,"href":"https:\/\/printware.com.pe\/tienda\/wp-json\/wp\/v2\/product_tag?post=30355"}],"curies":[{"name":"wp","href":"https:\/\/api.w.org\/{rel}","templated":true}]}}