{"id":30498,"date":"2026-01-14T23:41:15","date_gmt":"2026-01-15T04:41:15","guid":{"rendered":"https:\/\/printware.com.pe\/tienda\/?post_type=product&#038;p=30498"},"modified":"2026-01-15T01:38:03","modified_gmt":"2026-01-15T06:38:03","slug":"workforce-enterprise-am-c4000","status":"publish","type":"product","link":"https:\/\/printware.com.pe\/tienda\/producto\/workforce-enterprise-am-c4000\/","title":{"rendered":"WorkForce Enterprise AM-C4000"},"content":{"rendered":"<p>La impresora multifuncional a color WorkForce Enterprise AM-C4000 mantiene la productividad alta, con una velocidad de impresi\u00f3n de 40 ppm\u00a0 y una r\u00e1pida salida de la primera p\u00e1gina. Impulsada por la revolucionaria tecnolog\u00eda PrecisionCore Heat-Free\u00ae , est\u00e1 dise\u00f1ada para brindar una confiabilidad notable y una calidad de imagen excepcional, junto con un conjunto completo de caracter\u00edsticas avanzadas de seguridad. La AM-C4000, un caballo de batalla de inyecci\u00f3n de tinta compacto y eficiente, utiliza la menor cantidad de espacio en el piso<sup>1<\/sup> y presenta el consumo de energ\u00eda m\u00e1s bajo en su clase, hasta un 80% menos que las impresoras l\u00e1ser a color . Adem\u00e1s, es compatible con soluciones de gesti\u00f3n de impresi\u00f3n y auditoria. Con su capacidad para imprimir desde dispositivos m\u00f3viles Android\u2122 e iOS<sup>\u00ae3<\/sup> y un volumen de impresi\u00f3n mensual recomendado de hasta 60.000 p\u00e1ginas, esta impresora multifuncional de alta productividad tiene las capacidades que grandes grupos de trabajo y departamentos necesitan para mantener el negocio en movimiento.<\/p>\n","protected":false},"excerpt":{"rendered":"<p>Impresora Multifuncional A3 a Colores para grupos de trabajo de 10 a 50 personas<br \/>\nPrecio referencial en d\u00f3lares: USD $5,277.05 <\/p>\n","protected":false},"featured_media":30502,"template":"","meta":[],"product_brand":[215],"product_cat":[225],"product_tag":[105],"class_list":{"0":"post-30498","1":"product","2":"type-product","3":"status-publish","4":"has-post-thumbnail","6":"product_brand-epson","7":"product_cat-a3","8":"product_tag-oficina-color-a3-economico","10":"first","11":"outofstock","12":"taxable","13":"shipping-taxable","14":"purchasable","15":"product-type-simple"},"_links":{"self":[{"href":"https:\/\/printware.com.pe\/tienda\/wp-json\/wp\/v2\/product\/30498","targetHints":{"allow":["GET"]}}],"collection":[{"href":"https:\/\/printware.com.pe\/tienda\/wp-json\/wp\/v2\/product"}],"about":[{"href":"https:\/\/printware.com.pe\/tienda\/wp-json\/wp\/v2\/types\/product"}],"version-history":[{"count":4,"href":"https:\/\/printware.com.pe\/tienda\/wp-json\/wp\/v2\/product\/30498\/revisions"}],"predecessor-version":[{"id":30559,"href":"https:\/\/printware.com.pe\/tienda\/wp-json\/wp\/v2\/product\/30498\/revisions\/30559"}],"wp:featuredmedia":[{"embeddable":true,"href":"https:\/\/printware.com.pe\/tienda\/wp-json\/wp\/v2\/media\/30502"}],"wp:attachment":[{"href":"https:\/\/printware.com.pe\/tienda\/wp-json\/wp\/v2\/media?parent=30498"}],"wp:term":[{"taxonomy":"product_brand","embeddable":true,"href":"https:\/\/printware.com.pe\/tienda\/wp-json\/wp\/v2\/product_brand?post=30498"},{"taxonomy":"product_cat","embeddable":true,"href":"https:\/\/printware.com.pe\/tienda\/wp-json\/wp\/v2\/product_cat?post=30498"},{"taxonomy":"product_tag","embeddable":true,"href":"https:\/\/printware.com.pe\/tienda\/wp-json\/wp\/v2\/product_tag?post=30498"}],"curies":[{"name":"wp","href":"https:\/\/api.w.org\/{rel}","templated":true}]}}