{"id":30597,"date":"2026-01-17T21:29:51","date_gmt":"2026-01-18T02:29:51","guid":{"rendered":"https:\/\/printware.com.pe\/tienda\/?post_type=product&#038;p=30597"},"modified":"2026-01-17T21:41:21","modified_gmt":"2026-01-18T02:41:21","slug":"workforce-enterprise-wf-m21000","status":"publish","type":"product","link":"https:\/\/printware.com.pe\/tienda\/producto\/workforce-enterprise-wf-m21000\/","title":{"rendered":"WorkForce Enterprise WF-M21000"},"content":{"rendered":"<p>Dise\u00f1ada para la productividad empresarial, la impresora multifuncional monocrom\u00e1tica WorkForce Enterprise WF-M21000 ofrece impresiones de calidad profesional a 100 ppm ISO, la velocidad de impresi\u00f3n m\u00e1s r\u00e1pida de su clase. Con tecnolog\u00eda PrecisionCore Heat-Free Technology\u2122, ofrece una confiabilidad notable con tecnolog\u00eda de verificaci\u00f3n de boquillas de detecci\u00f3n autom\u00e1tica y un conjunto completo de funciones de seguridad avanzadas. Una impresora de inyecci\u00f3n de tinta potente pero eficiente, presenta un consumo de energ\u00eda hasta un 75% menor que las impresoras multifunci\u00f3n A3 mono. Y es compatible con c\u00f3modas soluciones de gesti\u00f3n de impresi\u00f3n. Imprima desde dispositivos m\u00f3viles Chrome e iOS\u00ae. Con una capacidad m\u00e1xima de papel de 5.350 p\u00e1ginas, esta impresora multifunci\u00f3n de alto rendimiento tiene todo lo que necesitan los departamentos y grupos grandes de trabajo.<\/p>\n","protected":false},"excerpt":{"rendered":"<p>Impresora Multifuncional A3 a Monocrom\u00e1tica para grupos de trabajo de 10 a 80 personas<br \/>\nPrecio referencial en d\u00f3lares: USD $10,293<\/p>\n","protected":false},"featured_media":30593,"template":"","meta":[],"product_brand":[215],"product_cat":[223,273],"product_tag":[103],"class_list":{"0":"post-30597","1":"product","2":"type-product","3":"status-publish","4":"has-post-thumbnail","6":"product_brand-epson","7":"product_cat-monocromatica","8":"product_cat-a3-monocromatica","9":"product_tag-oficina-bn-economica","11":"first","12":"outofstock","13":"taxable","14":"shipping-taxable","15":"purchasable","16":"product-type-simple"},"_links":{"self":[{"href":"https:\/\/printware.com.pe\/tienda\/wp-json\/wp\/v2\/product\/30597","targetHints":{"allow":["GET"]}}],"collection":[{"href":"https:\/\/printware.com.pe\/tienda\/wp-json\/wp\/v2\/product"}],"about":[{"href":"https:\/\/printware.com.pe\/tienda\/wp-json\/wp\/v2\/types\/product"}],"version-history":[{"count":1,"href":"https:\/\/printware.com.pe\/tienda\/wp-json\/wp\/v2\/product\/30597\/revisions"}],"predecessor-version":[{"id":30598,"href":"https:\/\/printware.com.pe\/tienda\/wp-json\/wp\/v2\/product\/30597\/revisions\/30598"}],"wp:featuredmedia":[{"embeddable":true,"href":"https:\/\/printware.com.pe\/tienda\/wp-json\/wp\/v2\/media\/30593"}],"wp:attachment":[{"href":"https:\/\/printware.com.pe\/tienda\/wp-json\/wp\/v2\/media?parent=30597"}],"wp:term":[{"taxonomy":"product_brand","embeddable":true,"href":"https:\/\/printware.com.pe\/tienda\/wp-json\/wp\/v2\/product_brand?post=30597"},{"taxonomy":"product_cat","embeddable":true,"href":"https:\/\/printware.com.pe\/tienda\/wp-json\/wp\/v2\/product_cat?post=30597"},{"taxonomy":"product_tag","embeddable":true,"href":"https:\/\/printware.com.pe\/tienda\/wp-json\/wp\/v2\/product_tag?post=30597"}],"curies":[{"name":"wp","href":"https:\/\/api.w.org\/{rel}","templated":true}]}}